hat is the value of 6 + (0 - -2) - (-103 - -109)?
2
5 - (25 + -9 + -11)
0
What is 15 + -15 + -17 + 13?
-4
What is 1 - ((0 - 2) + (-3 - 9))?
15
Evaluate -5 + 16 + (-1 - -2) + -2 + -4.
6
What is 6 + 3 - 7 - (-11 + 15)?
-2
Calculate 12 + -19 + 10 + -8 + 20.
15
Calculate -13 + 20 + (-13 - -1) + 13.
8
Evaluate 17 - (43 - 48) - -12.
34
7 + ((7 - (3 + 9)) + 9 - -4)
15
Evaluate -5 + (0 - (14 + (-7 - 4))) - -20.
12
Calculate 485 - 492 - (2 - (0 - 10)).
-19
What is 242 + -230 + -15 + 1?
-2
Evaluate 19 + (-40 - -15) - (-2 + -14).
10
Evaluate 17 + -10 - (2 - 25).
30
13 + -20 + 16 + 1 - (3 - -1)
6
-12 - (-17 - (7 + -8))
4
Calculate 13 + (-81 + 97 - (7 - -1 - 1)).
22
What is (0 - 4) + (-1 + -5 + 4 - -13)?
7
4 - (10 + (-7 + -5 - -15))
-9
Evaluate -78 + 51 + -10 - (-11 - -2).
-28
What is -6 + (16 - 23) + (1 - -32)?
20
Calculate 9 - ((-1 - -2 - 5) + (210 - 207)).
10
What is the value of -5 + (6 - 11) - (93 + -101)?
-2
Evaluate (-15 - -1) + 19 - -9.
14
Evaluate 0 + 0 + -16 - ((-26 - -19) + 8).
-17
What is 44 + -38 + (3 - -4) + -3?
10
What is the value of (-2 - 2 - (-47 + 49)) + -2 + -1?
-9
What is (-4 - -31 - (17 - 10)) + -9?
11
Calculate 69 + -35 + 3 + -4.
33
Evaluate (2 + -12 + -1 - -13) + (-42 - -1).
-39
Evaluate (60 - 63) + (-8 - -1) + (18 - 15).
-7
What is the value of 4 + 1 + 2 + 2?
9
Calculate -5 + 3 + (-11 - -6) + 13 + -7.
-1
What is (3 - 0) + -2 + 8 - (10 + -19)?
18
What is 6 + (-23 - -1) - -8?
-8
Calculate (-10 - -34) + -10 + -23.
-9
16 - (-6 + 2 + 1 + -5) - 0
24
Evaluate (-5 - -9 - 5) + 10 - (13 + -4).
0
Evaluate -12 + 0 + 13 + (0 - 3).
-2
Evaluate (8 + 6 - 3) + -26.
-15
(8 + 2 + -21 - -12) + 15
16
What is (-15 - -2) + (1 - 10 - (240 - 249))?
-13
Evaluate -23 - (-14 - (-20 - -28)).
-1
Calculate 4 - (1 + (-6 - -6) + -1 - -15).
-11
What is (14 - 12 - (-2 + -4 + -5)) + 10?
23
What is the value of (17 - 31) + 2 + -3?
-15
What is -11 + 1 + 4 + 1 + -2?
-7
Calculate 0 + (-10 - (1 - 1)) + -7145 + 7155.
0
What is 8 - (-8 + 11) - (3 + (21 - 3))?
-16
Evaluate 0 + -31 + (-117 - -135).
-13
10 + 1 + -17 + 3
-3
What is the value of (42 + (0 - -13) - 18) + -3?
34
What is the value of (-26 - 7) + 37 - 12?
-8
Calculate 10 - (-14 - (9 + -32)).
1
-215 + 228 + 0 + 1 + -2 + -2
10
Evaluate (-27 - -19) + 17 - -9.
18
Evaluate (7 + 29 - 12) + -27.
-3
What is -1 + 0 + 2 + (-21 - -14) + -5?
-11
-1 + -29 + 13 - (-4 + (-2 - -1))
-12
Calculate -38 + 44 - (-12 + 0 + 1).
17
Evaluate 0 - 2 - (-1 + 5 - (730 - 727)).
-3
What is the value of 2 + (4 + -15 - (-1 + -7))?
-1
What is the value of -18 - -6 - (3 - ((6 - -1) + -3))?
-11
6 - ((60 - 58) + (0 - 13))
17
What is 5 - (0 + 2) - (4 - 3)?
2
Evaluate 1 + -2 - 2 - (18 + 33 + -49).
-5
What is -760 - -734 - (0 - 20)?
-6
What is the value of -24 + -10 + 19 + 26?
11
(3 - (-2 - 0)) + -22 + 10 + -3
-10
-3 + (-5 - (-11 + 1))
2
Calculate (-57 - (-37 - -6)) + (-1 - (-6 - 1)).
-20
Calculate (-36 - (7 + -3 + 6 + -20)) + -6.
-32
What is the value of 13 - (-17 + 19 + 9)?
2
What is -14 - -6 - (11 + -6 - (31 - -3))?
21
(5 - -14) + 2 - (-17 + 19)
19
8 + (-1 - (-4 - (-8 - 3) - 7))
7
What is the value of 2 + 47 - (49 - 19)?
19
What is 0 + (-1 + -1 - (15 + -12) - 6)?
-11
What is 19 - 14 - (9 + 2 - 1)?
-5
Evaluate -2071 + 2066 - (2 - (1 + (-1 - -16))).
9
Calculate (2 - (11 - (12 + -6)) - -4) + -2.
-1
Calculate 19 - 10 - ((21 - 3) + 2).
-11
Evaluate -1 - 10 - -1 - (3157 + -3156).
-11
Evaluate 25 - 43 - (2 + -18).
-2
Evaluate 14 - 0 - (5 + (15 - 13)).
7
What is 56 + -55 - (-3 + -14)?
18
Calculate (1 - -11) + -1 + 15 + -36 + 17.
7
What is the value of -4 + -14 + 6 + 3 + (1 - 0)?
-8
What is the value of (-13 - 18 - -25) + -9?
-15
What is the value of -9 + -14 + (7 - -1)?
-15
Evaluate -25 + -1 - (-9 - (26 - 22)).
-13
Evaluate (-5 - -18) + (34 - 69).
-22
18 - (-19 + 1 - -34)
2
What is the value of -787 + 756 - (-66 - -1)?
34
What is -21 + (45 + -46 - (-6 - 2))?
-14
Calculate -21 + 37 - -7 - -3.
26
What is (17 - 8) + 3 - -1?
13
What is 31 - (60 + (-20 - -9))?
-18
Calculate 13 + (-3 - 3) - (-4 + 5 + -4).
10
Evaluate -1 + 13 + -11 - -11.
12
What is -4 + (-2 - (9 + -14 + 7 + 1))?
-9
44 - -1 - ((114 - 61) + -41)
33
(12 - (32 + -12)) + 7 - 10
-11
Calculate 16 - 23 - (-1 + (-3 - -5 - -2)).
-10
Evaluate (-8 + 8 - 2) + (-3 - -1).
-4
Calculate 30 - 37 - ((-2 - 3) + (-7 - 12)).
17
(16 - 2) + -7 - (0 - -2)
5
What is the value of 28 - (45 - (29 + 2))?
14
-9 + (-16 + 15 - (-1 + -2) - -2)
-5
What is the value of 1 - ((3 - 3) + -4 + -6 + 3)?
8
4 + -31 + 6 + 13
-8
Evaluate 1 - (-13 + 1 - -2).
11
3 + 2 + 7 + -19 - (-6 - -32)
-33
Calculate -4 - 7 - (5 + -1 + 0).
-15
What is 1 - (4 - (-1 - 10))?
-14
-14 - (5 + 6 + -23 + 9)
-11
Calculate -17 + -1 + (-192 - -218).
8
Calculate 4 + -13 + -8 + 42 + -8.
17
-26 - -16 - -16 - 16
-10
What is -9 - (3 - (-6 + 3 + 4) - -9)?
-20
What is the value of 2 + 3 - (29 + -53 + 19)?
10
Calculate 6 + (5 - 4) - 3.
4
What is 8 - (8 + 7 + -8 - 5)?
6
Calculate -2 - (14 + 1 + 4 + -14).
-7
Evaluate 18 - (-2 + 44 + -23).
-1
-7 - 10 - (1 + -4 + (24 - 18))
-20
Calculate 80 + -99 + (-15 - -1) + 8.
-25
What is -2 + -13 - (-18 - (21 + -37))?
-13
20 - 8 - 8 - (-5 + 27)
-18
-1 + 0 + -6 - (-3 - (-3 - -13))
6
-15 - (-12 - (-23 + 21))
-5
Evaluate 1 - (-1 + -3) - (35 + -33).
3
What is 18 - (19 - 23 - -17)?
5
Evaluate 5 - (-14 + (31 - 14)).
2
What is 3 + (-4 - (-8 - (-3 + 6)))?
10
Evaluate -6 + 2 - (8 + 0 + -19).
7
-20 + (-28 - -35 - (-2 + 4 + -5))
-10
What is -1 + 3 + -22 - -24?
4
-24 - -3 - ((-2 - 8) + 7)
-18
What is the value of (8 - 1) + (-19 - (-61 + 21))?
28
Calculate -1 + -9 - (-20 + 8 + -23).
25
Evaluate (0 - 10) + (-1236 - -1233).
-13
What is 37 + -41 - (-6 + -1) - 3?
0
What is the value of (1 - 1) + (13 - 4) + -28?
-19
What is the value of -21 - -21 - 11 - (-15 + -3)?
7
What is 46 + 1 + -7 + -19?
21
Evaluate 21 - (-51 + 60) - (0 + 8).
4
Evaluate -11 - (-4 + -9 + -2) - (3 + -24).
25
-15 + (13 + -12 + 16 - -21)
23
What is (-21 - -1) + (-31 + 10 - -21)?
-20
What is the value of 16 - (8 + -11 - -27)?
-8
What is the value of 0 + 13 + -191 + 192?
14
Calculate ((2 - 4) + 0 - 6 - 3) + -5.
-16
What is (11 - 6) + (1 - 15)?
-9
What is the value of 2 - 4 - -3 - -7 - (5 + -2)?
5
-7 + (-3 - (0 + -6) - -2)
-2
What is (-1 - (-2 + -4 + -2)) + -183 + 171?
-5
What is 2 + -11 - ((-22 - 0) + 2)?
11
What is the value of 0 + (10 - (-5 + (1 + -4 - -7)))?
11
Calculate (-1 - 11) + (-254 - -274).
8
-20 - 1 - (-6 + -1) - -6
-8
What is the value of 8 + 0 + (263 - 268)?
3
-22 + -6 + 26 + (0 - -8)
6
What is the value of -8 - (12 - (29 + -4))?
5
Calculate (-15 + 11 - (-5 + (-3 - -4))) + 7.
7
What is the value of -1 + 2 + (8 - 14) + 0?
-5
What is -22 - -3 - (-126 - -113)?
-6
Calculate 1 + 8 + (15 - 1 - 22).
1
What is the value of (377 - 362) + 2 + -8 + 0?
9
Calculate 18 + 26 + -46 + 21.
19
Evaluate 19 + 6 + -22 + -10.
-7
24 + 1 + (240 - 261)
4
What is 6 - (1 + -2 + -6) - (-2 + 5)?
10
Evaluate 5 + 0 + (14 + -11 - 10) - 9.
-11
What is the value of (1 - (-3 - (-3 - 2))) + 1 + 14?
14
Evaluate -3 + (-8 - (3 - 17)).
3
Calculate 7 + -10 - ((-4 - -6 - 7) + 1).
1
What is the value of (-6 - 4 - -21 - -2) + 3?
16
What is the value of 2 + (-2 - -6 - (1 - 2))?
7
Calculate 2 + (10 + -4 - (3 - (-4 - 0))).
1
Evaluate (5 - 0) + (51 - (-6 + 71)).
-9
-28 + (-11 - -1 - -28)
-10
Evaluate -2 + -8 - (6 + (11 - 9) + -2).
-16
What is the value of -50 - (22 - 40) - -15?
-17
Calculate 44 + -2 + -4 + 36 + -41 - 11.
22
What is (27 - 38 - (-6 - -14)) + 1 + -9?
-27
Evaluate -32 + (60 - 37) - (-3 - (-8 + 3)).
-11
Evaluate 24 - (52 + -23 + 3).
-8
What is the value of -17 - -7 - (-18 - (21 - 40))?
-11
Calculate -26 + (-31 - -91 - 22).
12
Calculate -150 + 164 - (-4 + 30 + 3).
-15
Calculate 63 + -66 + (0 + 2 - (5 - 0)).
-6
-15 + 11 - -16 - -2
14
What is (1 - -9) + -5 + 2 + -19?
-12
What is 6 - 7 - 8 - -1?
-8
Evaluate -7 + 2 + 11 - 4 - (7 - 4).
-1
Calculate -1 - (8 + 21 + -13 + -9).
-8
Calculate (-16 + 3 - ((-10 - -3) + 7)) + -8.
-21
7 + 1 + (-18 - -20)
10
-6 + 10 + (-11 - -13) - 13
-7
What is the value of -15 + 6 - (-5 - 15)?
11
Evaluate -15 + 28 + 10 - (4 + 4).
15
What is (-7 - (21 + 10)) + 70?
32
What is -2 + (21 - 15 - 9)?
-5
-8 - ((-32 - -35) + -21)
10
Calculate 3 + (1 - 1) + -5 - -20.
18
Evaluate -12 - (3 - (19 - 11)).
-7
Evaluate 2 - -4 - (12 - (1 + -14)).
-19
Evaluate 0 + (14 + (-7 - -4) - 0).
11
What is (12 - (-8 - -5))